{"id":49,"date":"2017-12-28T13:23:59","date_gmt":"2017-12-28T12:23:59","guid":{"rendered":"http:\/\/messaje-international.com\/belgique\/?page_id=49"},"modified":"2026-03-20T19:27:11","modified_gmt":"2026-03-20T18:27:11","slug":"messaje","status":"publish","type":"page","link":"https:\/\/messaje-international.com\/belgique\/","title":{"rendered":"Mess&rsquo;AJE"},"content":{"rendered":"<h1>Mess&rsquo;AJE Belgique<\/h1>\n<p><strong><em>\u00ab\u00a0Mess&rsquo;AJE Belgique\u00a0\u00bb<\/em><\/strong> est l\u2019association belge qui organise la diffusion de <a href=\"https:\/\/messaje-international.com\/presentation\/\" target=\"_blank\" rel=\"noopener\">la cat\u00e9ch\u00e8se Mess\u2019AJE<\/a>.<\/p>\n<p>Des animateurs, sp\u00e9cifiquement form\u00e9s \u00e0 cette cat\u00e9ch\u00e8se pour adultes, rassemblent des personnes pour revisiter le chemin de foi qui \u00e9merge de l\u2019histoire du peuple racont\u00e9e dans la Bible. Cette histoire est aussi celle de chacun d\u2019entre nous. Les personnes rassembl\u00e9es, formant \u00ab un groupe de base \u00bb, vont tout au long du 1er et du 2me testament suivre le fil rouge de la foi de ce peuple \u00e9lu et pouvoir faire le lien avec leur vie actuelle. D\u2019\u00e9tapes de foi en Seuils de foi, chacun y retrouve son propre parcours.<\/p>\n<p>Cette cat\u00e9ch\u00e8se, bas\u00e9e sur des montages audio-visuels, est interactive. La porte d\u2019entr\u00e9e artistique permet \u00e0 chacun de s\u2019exprimer et de poser des questions. Les approches ex\u00e9g\u00e9tiques, th\u00e9ologiques et spirituelles viennent compl\u00e9ter la d\u00e9marche.<\/p>\n<p>Pour plus de pr\u00e9cisions, vous pouvez vous r\u00e9f\u00e9rer au <a href=\"https:\/\/messaje-international.com\/\" target=\"_blank\" rel=\"noopener\">site de Mess\u2019AJE international<\/a>. Vous trouverez des informations sur les parcours \u00ab longue dur\u00e9e \u00bb des Seuils de la foi et sur les parcours plus courts li\u00e9s aux grands moments liturgiques (No\u00ebl, Passion, Ascension\/Pentec\u00f4te, B\u00e9atitudes, &#8230;)<\/p>\n<h1>Derni\u00e8res informations :<\/h1>\n<ul>\n<li><strong>S\u00e9minaire de Li\u00e8ge : <\/strong>un\u00a0cours d\u2019introduction biblique, via la m\u00e9thode Mess\u2019AJE, sera organis\u00e9 \u00e0 l\u2019Espace Pr\u00e9montr\u00e9s en 2026-27<\/li>\n<\/ul>\n<h1>Actualit\u00e9s :<\/h1>\n<ul>\n<li>2 soir\u00e9es \u00ab\u00a0Ascension-Pentec\u00f4te\u00a0\u00bb vont \u00eatre organis\u00e9es le 24 avril et le 15 mai 2026 dans l\u2019UP St Benoit (Li\u00e8ge)<\/li>\n<li>Initialement pr\u00e9vue \u00e0 J\u00e9rusalem, mais report\u00e9e du fait de la guerre, <a href=\"https:\/\/messaje-international.com\/belgique\/2026\/03\/16\/vivre-la-passion-selon-saint-jean-pendant-la-semaine-sainte\/\">une session sur la Passion selon St Jean<\/a> va \u00eatre organis\u00e9e\u00a0 \u00e0 l\u2019abbaye de Brialmont (pr\u00e8s de Li\u00e8ge) du lundi 30 mars \u00e0 15h au jeudi 2 avril \u00e0 14h30.\u00a0<\/li>\n<\/ul>\n\n<p><!-- [pt_view id=\"1c85028wxy\"] --><\/p>\n\n\n<p><!-- [ecs-list-events] --><\/p>\n\n\n\n<p><a href=\"https:\/\/messaje-international.com\/belgique\/groupes-en-chemin\/\"><strong>Groupes actuellement en route<\/strong><\/a><\/p>\n\n\n\n<p><a href=\"https:\/\/messaje-international.com\/belgique\/vivre-messaje-en-images\/\"><strong>Vivre Mess&rsquo;AJE en images&#8230;<\/strong><\/a><\/p>\n\n\n\n<p><strong><a href=\"https:\/\/messaje-international.com\/belgique\/wp-content\/uploads\/2023\/04\/Flyer-Messaje-2023.pdf\">Un d\u00e9pliant pr\u00e9sentant Mess&rsquo;AJE<\/a><\/strong><\/p>\n","protected":false},"excerpt":{"rendered":"<p>Mess&rsquo;AJE Belgique \u00ab\u00a0Mess&rsquo;AJE Belgique\u00a0\u00bb est l\u2019association belge qui organise la diffusion de la cat\u00e9ch\u00e8se Mess\u2019AJE. Des animateurs, sp\u00e9cifiquement form\u00e9s \u00e0 cette cat\u00e9ch\u00e8se pour adultes, rassemblent des personnes pour revisiter le chemin de foi qui&#46;&#46;&#46;<\/p>\n","protected":false},"author":1,"featured_media":0,"parent":0,"menu_order":0,"comment_status":"closed","ping_status":"closed","template":"","meta":{"footnotes":""},"class_list":["post-49","page","type-page","status-publish","hentry"],"_links":{"self":[{"href":"https:\/\/messaje-international.com\/belgique\/wp-json\/wp\/v2\/pages\/49","targetHints":{"allow":["GET"]}}],"collection":[{"href":"https:\/\/messaje-international.com\/belgique\/wp-json\/wp\/v2\/pages"}],"about":[{"href":"https:\/\/messaje-international.com\/belgique\/wp-json\/wp\/v2\/types\/page"}],"author":[{"embeddable":true,"href":"https:\/\/messaje-international.com\/belgique\/wp-json\/wp\/v2\/users\/1"}],"replies":[{"embeddable":true,"href":"https:\/\/messaje-international.com\/belgique\/wp-json\/wp\/v2\/comments?post=49"}],"version-history":[{"count":62,"href":"https:\/\/messaje-international.com\/belgique\/wp-json\/wp\/v2\/pages\/49\/revisions"}],"predecessor-version":[{"id":462,"href":"https:\/\/messaje-international.com\/belgique\/wp-json\/wp\/v2\/pages\/49\/revisions\/462"}],"wp:attachment":[{"href":"https:\/\/messaje-international.com\/belgique\/wp-json\/wp\/v2\/media?parent=49"}],"curies":[{"name":"wp","href":"https:\/\/api.w.org\/{rel}","templated":true}]}}